
62
What is the value of -65 - (10 - (26 - (-1 - 2)))?
-46
Evaluate -13 + (9 + 12 - -1) + -16.
-7
(-4 - 93) + 14 + (9 - (-7 - -14)) - -2
-79
Calculate 51 + (3 - 19) + 17.
52
Evaluate 42 + 66 + 121 + -327.
-98
What is the value of 117 + -94 - (-4 + 12) - 38?
-23
Evaluate 71 - 2 - (32 + (-70 - -44)).
63
-31 + (-23 - (8 + -60 + 11))
-13
What is (13 - (12 + 0)) + (-1 - -8) + (-4 - -49)?
53
Evaluate (-39 + 39 - (31 + -72)) + 98.
139
What is the value of (-21 - -7) + -18 + 42?
10
Evaluate -46 - -33 - (-4 - 1 - -17 - -3).
-28
What is -4 - (5 + -10 - (1 + -11)) - (-181 - -128)?
44
Evaluate 6 + (-15 + -15 - -13 - (-3 - 6)).
-2
Evaluate -45 + (-9 - -72) + 2 + 16.
36
What is the value of 20 - 110 - (-45 - 11)?
-34
Calculate 79 - 85 - ((-8 + 16 - 6) + 68).
-76
Calculate (1 - 4 - -2) + (2591 - 2624).
-34
20 + (4 + 4 - -2 - 15) + -1 + 68
82
What is (-16 - -27) + 5 + -1 + 1 + 33?
49
Evaluate (39 - ((39 - -9) + -38)) + 3.
32
10 + (19 + 1 - 16) + -1
13
80 + -213 + (344 - 60)
151
What is (3 - -1 - -35) + (-41 - -24)?
22
What is (-60 + -2 - -12) + (-9 + 9 - (-8 - -1))?
-43
What is the value of 13 + 107 + -150 + 29?
-1
What is (1 + -5 - (-174 + 162)) + -14 + 82 + 5?
81
What is (80 + -108 - -62) + -66?
-32
What is -20 + -53 - (-4 - -5 - ((-2 - 6) + 4))?
-78
Evaluate (1571 - 1602) + (20 - -1).
-10
Calculate -20 + ((-2 - -9) + -13 - -3) + -9.
-32
65 - ((-1 - 19) + (-9 - (-33 + 12 + 1)))
74
Calculate 45 + -130 + (36 - 48).
-97
Calculate (73 - (-24 + 100)) + -32.
-35
20 - -1 - (-47 + 13 + 14)
41
Evaluate 1874 + -1830 + 0 + -54.
-10
What is the value of (61 - 102) + 39 + 61?
59
What is (-137 + -41 + 32 - -10) + 12?
-124
What is the value of 4 - (-139 - ((-36 - -42) + -11))?
138
Evaluate (67 - 14) + -44 - (-1 + 3).
7
What is (-3 + -13 - (-6 - -4)) + (-3 - 18) + 7?
-28
What is the value of 14 + -4 + 8 + 15 + -18 + 16?
31
What is the value of (-1 - -76) + -5 + -1 + (-12 - (5 - 11))?
63
4 + 8 - ((-38 - -40) + -31)
41
Evaluate -28 + 0 + (5 - -11) + (16 - 42 - -11).
-27
103 + -118 + -89 + 110
6
Evaluate -14 + 1 - (14756 - 14670).
-99
Calculate 51 + -22 + -6 + -8 + (0 - -18).
33
(-33 - 19) + 36 + (28 - 21)
-9
(-76 - -116) + -40 + 1 + -30
-29
Calculate 86 - (-35 - (-185 + 111)).
47
What is 24 - (12 - ((3 - 4) + -10 + 20))?
21
Evaluate -65 - 2 - (-250 + -24 + 238).
-31
What is the value of -22 - (11 + -7 + 24 + -38)?
-12
What is the value of 4 - (-27 + 23) - (1 + (-3 - -3) - -62)?
-55
Calculate 12 + (29 - 82) + -2 + 31.
-12
What is the value of 71 + -1 + (-3968 - -3928)?
30
(56 + 117 - 168) + (48 - -1)
54
What is 0 + -34 + (-35 - -21) - -3?
-45
What is the value of (94 - 18 - 61 - (102 - 0)) + (-5 - -17)?
-75
Evaluate (209 - (-45 - -189)) + -1 + -9 + 0.
55
Evaluate (10 - 5 - (6 + 1) - -13) + -71.
-60
What is 39 - (-90 - -111) - (0 + 0 + 113)?
-95
What is the value of (-39 - -1) + (-12 - (-13 + (-16 - -15) + -1))?
-35
107 - 121 - (2 + (-29 - -2)) - 67
-56
Calculate (88 - -45) + -117 + 20 + 0.
36
What is 51 + (30 - 51) + 9 + 1?
40
Evaluate (-3069 - -3101) + (-2 - (1 - 9)).
38
What is (-37 - -28 - (3 + (4 - 10))) + -29?
-35
Calculate -8 - (-19 - -21) - (-5 - (-70 - (-11 - -19))).
-83
-8 - (-7 + 4 - (-16 - -10 - -28)) - 2
15
Calculate 1547 + -1506 - (0 - -31).
10
What is 39 + -2 + -74 - -24 - -95?
82
What is the value of 8009 + -8050 + -1 + (-1 - -23) - 125?
-145
What is (-14 - (21 - 33)) + -50 + 2 + -3 + -2?
-55
What is the value of 98 - 39 - (29 - -16)?
14
4 + 40 + (-53 - (-61 - -37))
15
What is the value of 23 - (-47 + 18) - (6 + 14)?
32
What is -13 + (-56 - 0 - (-14 + 0 + 4))?
-59
What is the value of (101 - (-137 + 248)) + (2 - (-2 + -7 - 2))?
3
What is the value of -7 - (28 + (-24 - (-19 - -8)))?
-22
Calculate 51 + (18 - (36 - 10)).
43
(-39 - ((-130 - -11) + 77)) + -2 + -137 + -1
-137
What is -24 - (16 + -59 + -10)?
29
Calculate 23 + (-3 - (12 + -41 + 22)).
27
(0 - -5) + (-17 - (3 + -9 + -1))
-5
Calculate (68 - 48 - 41) + (-3 - 1) + -1.
-26
Evaluate -174 - -162 - (9 + -33 - -7).
5
What is the value of (13 - 73) + (-81 - -25 - -25)?
-91
What is -215 + 173 + -1 + 14 + -2?
-31
-13 + -2 + 0 + -459 + 421
-53
What is the value of (-11 + 56 - (-115 + 36)) + -8?
116
Evaluate 25 - 43 - (-17 + 0) - 77.
-78
What is 12 - ((30 - 22 - -10) + 8)?
-14
What is the value of -31 + -45 + (-54 - -139)?
9
Calculate (-21 - -49) + -33 - 1 - 42.
-48
What is the value of 31 - (22 - (5 + (12 - 15)) - 13)?
24
18 + -23 + 9 + (29 - 22)
11
Calculate 35 - (-33 - (10 - 53)).
25
Evaluate (-7 - (18 + 1 + -119 - 5)) + -12.
86
Evaluate 1 + -10 - ((-15 - (-10 + 7) - -11) + -76).
68
What is -47 + 33 + 27 + -113 + -5 + 13?
-92
What is 1 + -3 - (1182 + -1150)?
-34
Evaluate 30 + -1 - (50 - (92 + -44) - (0 - 5)).
22
Evaluate 4 - (2 + -7 + 61) - (-11 + -2 + 18).
-57
Evaluate -140 + (12 + -8 - 6 - (-116 + 94)).
-120
Calculate -2 - -9 - (37 + (48 - 39 - 25)).
-14
Calculate 61 + (-1 + (14 - 41) - -18 - (-1 + -5)).
57
Evaluate (-33 - -27) + (-3 - 1 - 41).
-51
Calculate 1 + -23 + (-154 - -10 - -142).
-24
Evaluate 30 + (-75 - -32) + 13 + -6 - -86.
80
-6 + -4 + 19 + -2 + -8 + 15 + -7
7
What is -52 - (57 + -100 + 11)?
-20
Evaluate 38 + -158 - -35 - -31.
-54
What is the value of 4 + (6 - -2) + (13 + -29 - -4) + -126?
-126
Evaluate 33 + (10 - 66) - -24.
1
Evaluate -146 + (-46 - (99 - 169)).
-122
What is the value of 21 + (24 - 5) + -65 - (6 + (-3 - 0))?
-28
Evaluate (-5 - -7) + -12 + (-5 - -25).
10
Calculate 14 + 22 + (-103 - -54).
-13
Calculate -18 + 0 + 32 + -13 - (1 + 83 + 1).
-84
-39 + (-39 - (-17 + -170 + 32))
77
-60 - -52 - (-2 + (2 - -2) + 3) - 75
-88
What is the value of 25 + 4 + 2 + (26 - 10 - 7)?
40
What is the value of -114 + 65 + 90 + -73?
-32
Calculate (-2 - 4) + 0 - (-3 + 114 - (-12 - -18)).
-111
What is 50 + 1 - (-61 + 26 + (29 - -21))?
36
What is -28 + (6 - -1) + -26?
-47
Evaluate (5 - -33) + 1 + 1 - (1004 + -990).
26
Evaluate -58 - -60 - -12 - 5.
9
What is the value of 12 - (-2 + (0 - -5)) - (67 - -51 - 60)?
-49
Calculate (-1 + (-9 - -6) - -28) + -33 - (-38 + 2).
27
What is the value of (41 - 108 - -104) + (-4 - 74)?
-41
Evaluate 2625 - 2620 - (57 - -1).
-53
What is the value of -2 + 2 + 11 + (62 - -54) + -87?
40
136 - -81 - 110 - 48
59
Calculate -69 - 0 - (5 - (24 - 46)).
-96
What is the value of 28 + -65 + (-96 - -82)?
-51
Calculate (17 + -8 - 14) + -63 + (-5 - 5 - -9).
-69
Evaluate 233 + -286 + (-7 - -83).
23
(4 - 19) + (69 - (17 - -25))
12
What is the value of -11 + -42 + 62 - -34?
43
What is -3 - 51 - (15 - (-1 - (17 - -3) - -23))?
-67
Evaluate -20 + (-431 - -436 - (0 - 0)).
-15
Evaluate (37 - (-66 + 104)) + 111.
110
What is the value of -15 + 9 - (-3 - (5 - (-5 - 7)))?
14
-1 + -53 + -1 - (-42253 - -42234)
-36
-20 + 18 + -27 - (-2 + 0)
-27
Evaluate (40 - (-17 + 74)) + 58.
41
What is the value of 71 + (86 - 75) - (4 - (-3 + 19))?
94
Evaluate (8 + -22 - -30) + -1 - (3 - 10).
22
Evaluate -113 + 14 + 66 + 74.
41
Calculate 10 + -2 + 4 - (-17 - (-59 - -4)).
-26
Calculate (-1 - 79) + 4 - (-15 - 3).
-58
Calculate (104 - 14) + -44 - (-6 + 2).
50
What is the value of (-6 - (-18 - -3)) + (-97 - 4) + (3 - -1)?
-88
What is 1 + 4 - (9 + (7 - 18)) - 61?
-54
(6 + -21 - (12 - (-1 + -1 + 28))) + -39
-40
(75 - 15) + 7 + -3 + 16
80
What is the value of 16 - (24 - -15) - (9 + 1 + -4 + 2)?
-31
Calculate (-73 + 37 - 0) + 71 + (-7 - 0).
28
Evaluate (20 - (38 + (-29 - -10))) + -44.
-43
Evaluate (2 - (3 + 18) - -52) + -1.
32
What is the value of -11 + -32 + (-16 - -11) + (9 - 0)?
-39
What is the value of -6 + 21 - ((38 - -6) + -24 - -11)?
-16
What is -618 + 616 + -25 + 0 - -17?
-10
What is the value of (2 - 11) + (190 + -393 - -131)?
-81
Calculate -24 - -22 - ((17 - 10) + (-5 - -54) + 5).
-63
Evaluate (-24 - 29) + 98 + -31.
14
What is -30 + 37 + (21 - 115 - -5)?
-82
Evaluate -1 + -1 + 3 + (477 - 445).
33
What is (5 + 0 + (-33 - -20) - -11) + -45?
-42
Evaluate -2 + ((1 - 5) + 9 - (82 - 87)).
8
Calculate 501 - 529 - (-116 + -5).
93
Calculate 2 + -21 + (70 - (8 - 39)) + 3.
85
What is 7 + (4 - 13) - (4 - ((18 - 10) + 14))?
16
Calculate -3 - (3 + -10) - (49 + 6 - (-14 - -9)).
-56
What is -175 - -126 - -44 - (70 + 0)?
-75
What is the value of 14 - ((255 - 224) + -4 + -11)?
-2
4 - (1 + 7 + (-46 + 102 - 129))
69
Calculate -7 + (-11 - (-3 + 6)) + -91.
-112
Calculate -48 - (-219 + 105) - (-5 + 1).
70
1 + -16 + (39 - 51) + 16
-11
What is 